{"id":456,"date":"2022-12-27T22:16:03","date_gmt":"2022-12-27T22:16:03","guid":{"rendered":"https:\/\/say-gebaudereinigung.de\/?page_id=456"},"modified":"2022-12-27T22:40:42","modified_gmt":"2022-12-27T22:40:42","slug":"impressum","status":"publish","type":"page","link":"https:\/\/say-gebaudereinigung.de\/?page_id=456","title":{"rendered":"Impressum"},"content":{"rendered":"\n<p>Angaben gem\u00e4\u00df \u00a7 5 TMG<\/p>\n\n\n\n<p>Semra Yuseinova<br>Zaystra\u00dfe 72\/1<br>76437 Rastatt<br><\/p>\n\n\n\n<p><strong>Vertreten durch:<\/strong><br>Semra Yuseinova<br><\/p>\n\n\n\n<p><strong>Kontakt:<\/strong><br>Telefon: +49 -1578 3505086<br>E-Mail: <a href=\"mailto:info@say-gebaudereinigung.de\">info@say-gebaudereinigung.de<\/a><\/p>\n\n\n\n<p><strong>Steuer-ID:<\/strong><br>Steueridentifikationsnummer f\u00fcr SAY Geb\u00e4udereinigung: 39445 \/ 247008<br><\/p>\n\n\n\n<p><strong>Unternehmensnummer:<\/strong><br>UNR.S: 3320 0532 8292 001<br><\/p>\n\n\n\n<p><strong>Haftungsausschluss:<\/strong><br><br><strong>Haftung f\u00fcr Inhalte<\/strong><br><br>Die Inhalte unserer Seiten wurden mit gr\u00f6\u00dfter Sorgfalt erstellt. F\u00fcr die Richtigkeit, Vollst\u00e4ndigkeit und Aktualit\u00e4t der Inhalte k\u00f6nnen wir jedoch keine Gew\u00e4hr \u00fcbernehmen. Als Diensteanbieter sind wir gem\u00e4\u00df \u00a7 7 Abs.1 TMG f\u00fcr eigene Inhalte auf diesen Seiten nach den allgemeinen Gesetzen verantwortlich. Nach \u00a7\u00a7 8 bis 10 TMG sind wir als Diensteanbieter jedoch nicht verpflichtet, \u00fcbermittelte oder gespeicherte fremde Informationen zu \u00fcberwachen oder nach Umst\u00e4nden zu forschen, die auf eine rechtswidrige T\u00e4tigkeit hinweisen. Verpflichtungen zur Entfernung oder Sperrung der Nutzung von Informationen nach den allgemeinen Gesetzen bleiben hiervon unber\u00fchrt. Eine diesbez\u00fcgliche Haftung ist jedoch erst ab dem Zeitpunkt der Kenntnis einer konkreten Rechtsverletzung m\u00f6glich. Bei Bekanntwerden von entsprechenden Rechtsverletzungen werden wir diese Inhalte umgehend entfernen.<br><br><strong>Datenschutz<\/strong><br><br>Die Nutzung unserer Webseite ist in der Regel ohne Angabe personenbezogener Daten m\u00f6glich. Soweit auf unseren Seiten personenbezogene Daten (beispielsweise Name, Anschrift oder eMail-Adressen) erhoben werden, erfolgt dies, soweit m\u00f6glich, stets auf freiwilliger Basis. Diese Daten werden ohne Ihre ausdr\u00fcckliche Zustimmung nicht an Dritte weitergegeben.<br>Wir weisen darauf hin, dass die Daten\u00fcbertragung im Internet (z.B. bei der Kommunikation per E-Mail) Sicherheitsl\u00fccken aufweisen kann. Ein l\u00fcckenloser Schutz der Daten vor dem Zugriff durch Dritte ist nicht m\u00f6glich.<br>Der Nutzung von im Rahmen der Impressumspflicht ver\u00f6ffentlichten Kontaktdaten durch Dritte zur \u00dcbersendung von nicht ausdr\u00fccklich angeforderter Werbung und Informationsmaterialien wird hiermit ausdr\u00fccklich widersprochen. Die Betreiber der Seiten behalten sich ausdr\u00fccklich rechtliche Schritte im Falle der unverlangten Zusendung von Werbeinformationen, etwa durch Spam-Mails, vor.<br><br>Impressum vom <a href=\"https:\/\/www.impressum-generator.de\">Impressum Generator<\/a> der <a href=\"https:\/\/www.kanzlei-hasselbach.de\/standorte\/frankfurt\/\">Kanzlei Hasselbach, Frankfurt<\/a><\/p>\n\n\n\n<p><a href=\"https:\/\/say-gebaudereinigung.de\/?page_id=456\">Impressum<\/a> \u00a0 \u00a0 \u00a0<a href=\"https:\/\/say-gebaudereinigung.de\/?page_id=460\">Datenschutz<\/a><\/p>\n","protected":false},"excerpt":{"rendered":"<p>Angaben gem\u00e4\u00df \u00a7 5 TMG Semra YuseinovaZaystra\u00dfe 72\/176437 Rastatt Vertreten durch:Semra Yuseinova Kontakt:Telefon: +49 -1578 3505086E-Mail: info@say-gebaudereinigung.de Steuer-ID:Steueridentifikationsnummer f\u00fcr SAY Geb\u00e4udereinigung: 39445 \/ 247008 Unternehmensnummer:UNR.S: 3320 0532 8292 001 Haftungsausschluss: Haftung f\u00fcr Inhalte Die Inhalte unserer Seiten wurden mit gr\u00f6\u00dfter Sorgfalt erstellt. F\u00fcr die Richtigkeit, Vollst\u00e4ndigkeit und Aktualit\u00e4t der Inhalte k\u00f6nnen wir jedoch keine Gew\u00e4hr&hellip;&nbsp;<a href=\"https:\/\/say-gebaudereinigung.de\/?page_id=456\" rel=\"bookmark\">Weiterlesen &raquo;<span class=\"screen-reader-text\">Impressum<\/span><\/a><\/p>\n","protected":false},"author":1,"featured_media":0,"parent":0,"menu_order":0,"comment_status":"closed","ping_status":"closed","template":"","meta":{"neve_meta_sidebar":"","neve_meta_container":"","neve_meta_enable_content_width":"","neve_meta_content_width":0,"neve_meta_title_alignment":"","neve_meta_author_avatar":"","neve_post_elements_order":"","neve_meta_disable_header":"","neve_meta_disable_footer":"","neve_meta_disable_title":"","_themeisle_gutenberg_block_has_review":false,"_ti_tpc_template_sync":false,"_ti_tpc_template_id":""},"_links":{"self":[{"href":"https:\/\/say-gebaudereinigung.de\/index.php?rest_route=\/wp\/v2\/pages\/456"}],"collection":[{"href":"https:\/\/say-gebaudereinigung.de\/index.php?rest_route=\/wp\/v2\/pages"}],"about":[{"href":"https:\/\/say-gebaudereinigung.de\/index.php?rest_route=\/wp\/v2\/types\/page"}],"author":[{"embeddable":true,"href":"https:\/\/say-gebaudereinigung.de\/index.php?rest_route=\/wp\/v2\/users\/1"}],"replies":[{"embeddable":true,"href":"https:\/\/say-gebaudereinigung.de\/index.php?rest_route=%2Fwp%2Fv2%2Fcomments&post=456"}],"version-history":[{"count":3,"href":"https:\/\/say-gebaudereinigung.de\/index.php?rest_route=\/wp\/v2\/pages\/456\/revisions"}],"predecessor-version":[{"id":471,"href":"https:\/\/say-gebaudereinigung.de\/index.php?rest_route=\/wp\/v2\/pages\/456\/revisions\/471"}],"wp:attachment":[{"href":"https:\/\/say-gebaudereinigung.de\/index.php?rest_route=%2Fwp%2Fv2%2Fmedia&parent=456"}],"curies":[{"name":"wp","href":"https:\/\/api.w.org\/{rel}","templated":true}]}}